 970, 5*c - 2*t = 1632. What is the greatest common factor of c and 2255?
41
Let c(z) = 2*z**2 + 33*z - 297. Let s be c(11). What is the greatest common factor of s and 24948?
308
Let d(l) = l**2 + 21*l + 102. Let f be d(-12). Let k = -19 - -11. Let z = f - k. What is the greatest common factor of z and 2?
2
Let r(q) = q**2 + 6*q - 27. Let x(z) = z**3 + 25*z**2 - 53*z + 9. Let f be x(-27). Let h be r(f). Calculate the greatest common divisor of 27 and h.
27
Let j(b) = 4*b**2 - 12*b + 15. Let x be j(10). Let k = x - 283. Calculate the highest common divisor of k and 20.
4
Let w = -77 + -16. Let u = 189 + w. Suppose -17*p + 5*g = -13*p - 121, g = 5*p - 125. What is the highest common factor of p and u?
24
Suppose 0 = 7*w + 6726 - 31198. Calculate the greatest common factor of 304 and w.
152
Suppose -s = -19*s + 108. Suppose -2*t = -t + p - s, -2*p = -4*t + 30. Calculate the highest common factor of t and 1.
1
Let j(n) = -n**3 - 11*n**2 - 102*n - 672. Let d be j(-9). Let f be (48/(-14))/(4/(-126)). Calculate the highest common divisor of f and d.
12
Suppose -10*y - 7200 = -26*y. Let i = y + -394. Calculate the greatest common divisor of 24 and i.
8
Suppose 2*l - 5*l = -33. Let z = 366 - 148. Suppose -12*j + 310 + z = 0. What is the highest common factor of j and l?
11
Let g be 2/(-1)*(-50 + 89 + -34) - -51. Let b(r) = r. Let d(k) = 82*k. Let f(m) = 205*b(m) - d(m). Let i be f(3). What is the highest common factor of g and i?
41
Suppose 0 = -5*g - 2*d + 6242, 98*g = 101*g + 2*d - 3750. Calculate the highest common factor of 14 and g.
14
Let v be (-5634)/(-27) - (-16)/(-24). Calculate the greatest common divisor of 1040 and v.
208
Let d be 6 + -4 - (-4 - -1195)/(-3). Suppose -k = -6*k - 15, -d = -r + k. What is the highest common factor of r and 36?
36
Suppose 0 = -28*d + 14*d + 17*d. Suppose d + 51 = 3*c. What is the greatest common factor of 51 and c?
17
Suppose 2*m - 141 = m + 5*a, 4*a = m - 139. Let w = -108 + m. Calculate the greatest common divisor of 115 and w.
23
Suppose 89 = 25*z - 511. Suppose -3*x - x = -240. What is the greatest common factor of x and z?
12
Let b = -425 - -438. Calculate the highest common divisor of b and 12818.
13
Suppose -4*f - 52 = -436. Let i = f - 16. Let t = -70 + i. Calculate the greatest common factor of 15 and t.
5
Let u be (0/(-2))/(-2) - -14. Let l = -1336 + 1334. Let w be (-6 - 56/(-2))/(l/(-14)). What is the greatest common divisor of w and u?
14
Let o(s) = 8*s - 30. Let n be o(4). Let y be (1 + -7)*n*(1 + -3). Suppose g = 5*r - 60, 2*r + 0*g = -5*g + y. What is the greatest common factor of 4 and r?
4
Suppose 3*t - 5*p = 4396, 24*t - 5*p - 5868 = 20*t. What is the greatest common divisor of 230 and t?
46
Let j be (-12)/(-54) + (-169254)/(-162). Calculate the highest common factor of 190 and j.
95
Suppose 9*b + 2*b = 165. Let m(l) = l**3 - 15*l**2 + 9*l - 12. Let d be m(b). Calculate the highest common factor of d and 205.
41
Let f be (-2)/(-2) + (3 + -5 - -3). Let k be f/5 + -2 + 1036/10. Let q = 147 - k. Calculate the greatest common factor of q and 18.
9
Suppose 0 = -29*v + 33*v - 20. Suppose t - v*m - 369 = 0, -t + m = -m - 357. Let k = -115 + t. What is the greatest common divisor of 26 and k?
26
Suppose -3 = z - 27. Let x = -20 + z. Suppose -6*b + x*b + 36 = 0. What is the highest common factor of b and 36?
18
Let c(l) be the first derivative of -l**2 + 18*l + 29. Let i be c(-13). Calculate the greatest common divisor of 11 and i.
11
Let z be 30/4 - 9/6. Suppose -z*f + 308 = -2*f. What is the greatest common divisor of f and 14?
7
Let g(k) = -2*k**3 + 21*k**2 + 13*k + 13. Let z be g(11). Suppose -z + 11 = 2*n. Let p = n + 52. Calculate the highest common divisor of 50 and p.
10
Let x be (48/(-14))/((-683)/(-9562)). Suppose -7*i + 2*i = 30. Let g be (x/i)/16*2*66. What is the highest common divisor of 6 and g?
6
Let z(j) = -58*j - 5029. Let b be z(-98). What is the highest common divisor of 1048 and b?
131
Suppose 93*w = -5*f + 94*w + 3341, -2*f = 3*w - 1316. What is the greatest common divisor of f and 145?
29
Suppose -x + 0*x = d - 75, -4*d + 379 = 5*x. Let g(q) = q**3 + 239*q**2 + 723*q + 4093. Let t be g(-236). What is the greatest common factor of t and x?
79
Let u(g) = -22*g + 1170. Let j be u(53). Calculate the greatest common divisor of 1944 and j.
4
Suppose -3*k = -5*k + 40. Suppose 28*l - 4*g = 29*l - 412, -4*l - 4*g = -1552. Calculate the greatest common divisor of k and l.
20
Suppose 2943 = 13*b - 10512. Suppose 4*l + 691 = b. What is the highest common factor of 2 and l?
2
Suppose -c + 5 = -2*t, 0 = 3*t - 4*t + 1. Suppose 12*m = c*m + 10. Suppose m*y = l - 0*y - 2, 3*y = 6. What is the greatest common divisor of 18 and l?
6
Let o = -6107 + 6117. What is the highest common factor of 4300 and o?
10
Suppose 0 = 201*c - 59*c - 167134. What is the greatest common divisor of 1819 and c?
107
Let k(y) = y + 8. Let o be k(-6). Suppose -o*x = -31 + 19. Let z be 6*(14/x - 2). What is the highest common divisor of z and 6?
2
Let s = 1960 - 3345. Let f be (30/(-42))/(-5) + s/(-7). Calculate the greatest common factor of f and 18.
18
Suppose 9*d - 28*d = -25*d + 8448. Calculate the highest common factor of 99 and d.
11
Let l be (18/10 + 1)*15. Let a(g) = g**2 - 36*g + 22. Let y be a(8). Let u = 258 + y. What is the greatest common divisor of l and u?
14
Let u(h) = -2*h**2 + 8*h + 26. Let z = 66 + -60. Let d be u(z). Let x be (-9)/15 - ((-836)/10 - d). What is the highest common factor of 34 and x?
17
Suppose l + 5*p = 3, 2*l - 39 = 7*p - 6*p. Calculate the highest common divisor of l and 882.
18
Suppose -108*f - 972 = -111*f. Let g(c) = -6*c + 6. Let s be g(-5). What is the greatest common divisor of f and s?
36
Suppose -80*x + 23567 = -20487 + 5574. What is the highest common divisor of x and 65?
13
Suppose 5*y = i + 9, -7*y - 105 = -5*i - 12*y. Suppose 20*p - 148 = i*p. What is the highest common factor of 481 and p?
37
Let i be (23/(-69))/((-1)/(32 - -1)). Suppose -i*j + 709 = -479. What is the highest common factor of j and 60?
12
Let r be 4/(-60) + (-14412)/(-180). What is the greatest common factor of 20520 and r?
40
Let r(u) = u**3 + 3*u**2 - 7*u - 6. Suppose 20 = -i + 16. Let k be r(i). Suppose 43 = k*p - 35. Calculate the highest common divisor of p and 208.
13
Let n(y) = 81*y + 1914. Let s be n(-22). Let v(i) = -2*i**3 + 13*i**2 - i. Let w be v(6). Calculate the highest common divisor of w and s.
6
Let d be -12*(6/(-4) - -2). Let q be (-69)/d*(-4 - -6). Let v be 138*(-55)/44*4/(-10). What is the greatest common factor of v and q?
23
Suppose -712*g = -699*g - 247. What is the greatest common divisor of 19 and g?
19
Let r be 10/(-8)*(-6 - (2 - -4)). Let l be 9*20/r + (-8 - -6). Calculate the greatest common divisor of l and 170.
10
Let s be ((-2)/12)/((-6)/(-4)) + (-8463)/(-837). What is the greatest common divisor of s and 1405?
5
Let y = 1645 - 907. Suppose y*m - 743*m + 75 = 0. What is the highest common factor of m and 135?
15
Suppose 2*i = 6*i - 504. Let a = -132 + i. Let u be (16/(-2))/(a/(-36)*-3). Calculate the greatest common divisor of 176 and u.
16
Suppose k + 12*c - 8 = 16*c, 4*c - 16 = 0. Suppose 0 = -3*z + 2*z - 3. Let r = z - -19. What is the greatest common factor of r and k?
8
Let m(u) = 2*u + 30. Let b be m(-23). Let s be (7 + -2)*b/40. Let q be s/(-4)*-6 - (-30 + -1). What is the greatest common factor of q and 70?
14
Let t = -257 - -292. Suppose 13*m - t = 6*m. Calculate the highest common divisor of m and 4.
1
Suppose -23*k = -101440 - 28924. Calculate the greatest common divisor of k and 13.
13
Suppose 5*c - 4*v = 2465, 0 = 18*v - 17*v - 5. Calculate the greatest common divisor of c and 133.
7
Suppose 0 = 14*y - 291 - 297. Let k(j) = 7*j - 28. Let l be k(6). Let w = 0 + l. What is the highest common divisor of y and w?
14
Let i be (-1106)/(-1659) + 1 + 1814/6. What is the greatest common divisor of i and 874?
38
Let t(j) = 7*j**3 - j**2 + 39*j - 263. Let f be t(8). What is the highest common divisor of f and 43?
43
Let k = -30 + 118. Suppose -w + 11 = 10, b - 2*w = 0. Suppose b*g = 2*l + 3*g - 29, -3*l + 2*g + 54 = 0. What is the greatest common factor of l and k?
8
Let x = -1363 - -2009. Let c be 2/19 + 11560/x. Let w(t) = -t**2 + t + 72. Let z be w(0). Calculate the